ivided by 869?
83
What is the remainder when 1215 is divided by 519?
177
What is the remainder when 158841 is divided by 1302?
1299
What is the remainder when 14486 is divided by 296?
278
What is the remainder when 56125 is divided by 505?
70
Calculate the remainder when 17547 is divided by 214.
213
What is the remainder when 19665 is divided by 66?
63
Calculate the remainder when 4411 is divided by 20.
11
Calculate the remainder when 29600 is divided by 79.
54
What is the remainder when 31057 is divided by 153?
151
What is the remainder when 50300 is divided by 24?
20
Calculate the remainder when 195649 is divided by 82.
79
What is the remainder when 33918 is divided by 100?
18
Calculate the remainder when 32187 is divided by 145.
142
Calculate the remainder when 5320 is divided by 165.
40
What is the remainder when 6645 is divided by 2905?
835
What is the remainder when 11639 is divided by 82?
77
What is the remainder when 22944 is divided by 352?
64
Calculate the remainder when 17404 is divided by 59.
58
What is the remainder when 668960 is divided by 239?
238
What is the remainder when 3452 is divided by 1031?
359
What is the remainder when 69335 is divided by 144?
71
What is the remainder when 3689 is divided by 324?
125
Calculate the remainder when 663913 is divided by 191.
188
What is the remainder when 227 is divided by 27?
11
Calculate the remainder when 4834 is divided by 77.
60
What is the remainder when 98930 is divided by 1706?
1688
What is the remainder when 48763 is divided by 24373?
17
Calculate the remainder when 995 is divided by 721.
274
What is the remainder when 7261 is divided by 18?
7
Calculate the remainder when 3621 is divided by 3609.
12
Calculate the remainder when 1808 is divided by 371.
324
Calculate the remainder when 4528291 is divided by 206.
205
Calculate the remainder when 98106 is divided by 10.
6
What is the remainder when 47999 is divided by 178?
117
What is the remainder when 11854 is divided by 1974?
10
What is the remainder when 23952 is divided by 7975?
27
Calculate the remainder when 21923 is divided by 20.
3
What is the remainder when 11195 is divided by 2236?
15
Calculate the remainder when 32424 is divided by 155.
29
What is the remainder when 302014 is divided by 5698?
20
Calculate the remainder when 23444 is divided by 283.
238
What is the remainder when 100094 is divided by 140?
134
What is the remainder when 16131 is divided by 294?
255
Calculate the remainder when 31239 is divided by 535.
209
Calculate the remainder when 15984 is divided by 7750.
484
What is the remainder when 65819 is divided by 171?
155
Calculate the remainder when 74319 is divided by 11.
3
Calculate the remainder when 413529 is divided by 32.
25
Calculate the remainder when 45043 is divided by 22502.
39
What is the remainder when 669476 is divided by 797?
793
What is the remainder when 11093 is divided by 65?
43
What is the remainder when 1899237 is divided by 49?
46
What is the remainder when 259597 is divided by 200?
197
Calculate the remainder when 31245 is divided by 10407.
24
What is the remainder when 4339 is divided by 12?
7
What is the remainder when 24479 is divided by 4834?
309
What is the remainder when 95962 is divided by 7?
6
What is the remainder when 2038 is divided by 99?
58
Calculate the remainder when 26561 is divided by 57.
56
Calculate the remainder when 11275 is divided by 119.
89
Calculate the remainder when 195647 is divided by 35.
32
Calculate the remainder when 6319 is divided by 701.
10
What is the remainder when 143132 is divided by 112?
108
Calculate the remainder when 2989 is divided by 1470.
49
What is the remainder when 141891 is divided by 41?
31
What is the remainder when 92724 is divided by 692?
688
Calculate the remainder when 414 is divided by 316.
98
Calculate the remainder when 3501 is divided by 259.
134
Calculate the remainder when 437 is divided by 108.
5
Calculate the remainder when 38820 is divided by 198.
12
Calculate the remainder when 972 is divided by 195.
192
What is the remainder when 16203 is divided by 910?
733
Calculate the remainder when 16349 is divided by 629.
624
Calculate the remainder when 2513 is divided by 194.
185
Calculate the remainder when 8392 is divided by 1045.
32
What is the remainder when 7119225 is divided by 113?
112
What is the remainder when 16494 is divided by 44?
38
Calculate the remainder when 210382 is divided by 56.
46
What is the remainder when 2220 is divided by 185?
0
Calculate the remainder when 5890 is divided by 425.
365
Calculate the remainder when 39266 is divided by 19630.
6
Calculate the remainder when 4508 is divided by 572.
504
What is the remainder when 196750 is divided by 9369?
1
What is the remainder when 4645 is divided by 146?
119
Calculate the remainder when 3111 is divided by 618.
21
What is the remainder when 1431 is divided by 776?
655
Calculate the remainder when 196976 is divided by 49243.
4
What is the remainder when 5752 is divided by 1911?
19
What is the remainder when 4769 is divided by 36?
17
What is the remainder when 18266 is divided by 1822?
46
What is the remainder when 11955 is divided by 52?
47
What is the remainder when 31195 is divided by 2079?
10
What is the remainder when 217914 is divided by 189?
186
Calculate the remainder when 87473 is divided by 39.
35
Calculate the remainder when 7422 is divided by 13.
12
Calculate the remainder when 3699 is divided by 630.
549
Calculate the remainder when 1196174 is divided by 615.
614
Calculate the remainder when 75217 is divided by 15.
7
What is the remainder when 31583 is divided by 6277?
198
What is the remainder when 96692 is divided by 204?
200
What is the remainder when 187079 is divided by 23?
20
What is the remainder when 14539 is divided by 253?
118
Calculate the remainder when 1963 is divided by 15.
13
Calculate the remainder when 28713 is divided by 47.
43
Calculate the remainder when 27994 is divided by 3.
1
What is the remainder when 5137 is divided by 729?
34
Calculate the remainder when 160294 is divided by 100.
94
What is the remainder when 2891 is divided by 39?
5
Calculate the remainder when 164114 is divided by 373.
367
Calculate the remainder when 370554 is divided by 19.
16
What is the remainder when 729 is divided by 535?
194
What is the remainder when 8241 is divided by 1373?
3
What is the remainder when 8405 is divided by 281?
256
What is the remainder when 17634 is divided by 2183?
170
Calculate the remainder when 3666 is divided by 75.
66
Calculate the remainder when 130893 is divided by 48.
45
Calculate the remainder when 93771 is divided by 688.
203
What is the remainder when 43409 is divided by 31?
9
Calculate the remainder when 631 is divided by 621.
10
What is the remainder when 34141 is divided by 17053?
35
What is the remainder when 15283 is divided by 664?
11
What is the remainder when 24058 is divided by 66?
34
Calculate the remainder when 569 is divided by 64.
57
Calculate the remainder when 24442 is divided by 8146.
4
Calculate the remainder when 492373 is divided by 492322.
51
Calculate the remainder when 61369 is divided by 396.
385
What is the remainder when 19990 is divided by 98?
96
Calculate the remainder when 90166 is divided by 1605.
286
Calculate the remainder when 526 is divided by 8.
6
What is the remainder when 2085 is divided by 3?
0
What is the remainder when 9942 is divided by 44?
42
What is the remainder when 728046 is divided by 259?
256
Calculate the remainder when 12255 is divided by 40.
15
What is the remainder when 28144 is divided by 433?
432
What is the remainder when 1619 is divided by 719?
181
What is the remainder when 19951 is divided by 79?
43
What is the remainder when 60795 is divided by 585?
540
Calculate the remainder when 6274 is divided by 282.
70
What is the remainder when 15190 is divided by 853?
689
Calculate the remainder when 104597 is divided by 149.
148
What is the remainder when 88351 is divided by 147?
4
Calculate the remainder when 75331 is divided by 103.
38
What is the remainder when 4131245 is divided by 651?
650
Calculate the remainder when 13710 is divided by 29.
22
Calculate the remainder when 163243 is divided by 54412.
7
What is the remainder when 1268 is divided by 34?
10
Calc